?
10
Let a be (90/50)/(4 - (-951)/(-240)). Calculate the highest common divisor of a and 5184.
48
Let c be (1 + 2)/3 - (-3164 - -3). Suppose 5*k = 2*k + c. What is the greatest common divisor of k and 31?
31
Suppose -53*j + 51*j = -144. Let m = j - 52. Calculate the greatest common factor of 12 and m.
4
Let x be (-1)/3 + (-716)/(-6). Suppose -19*s = -3*d + 102, d - 40 + 6 = -5*s. Calculate the highest common divisor of d and x.
17
Let a = 4162 + -4141. Calculate the greatest common factor of a and 141.
3
Suppose -40 = -5*q - d, -5*q - 5*d + 11 = -9. Suppose -5*k = a - 2750, 2171 = 4*k - 34*a + 29*a. Calculate the highest common factor of q and k.
9
Suppose -4*f + 78 - 92 = 2*x, 9 = -2*x - 3*f. Let n = 17 - 12. Let t = n - -1. What is the greatest common factor of x and t?
3
Let u(r) = 467*r - 3380. Let x be u(15). What is the greatest common divisor of x and 29?
29
Let t(n) = 10*n**2 + 3. Let r be t(-5). Suppose -6*z + z - 2*g + 422 = 0, -3*z - g = -r. What is the highest common divisor of z and 12?
12
Suppose 110 = 103*g - 99*g + 3*b, -5*g - 3*b = -139. Calculate the greatest common factor of g and 3045.
29
Let r(y) = y**2 - 6*y - 13. Let s be r(-13). Let x = 1124 - 1111. What is the greatest common factor of s and x?
13
Suppose -2*f + 2*b + 508 = 0, 4*f - 99*b - 1022 = -98*b. Calculate the greatest common factor of f and 3168.
32
Let t = 1826 + -1817. Let u = 6 + -3. Suppose -4*x = o - u + 2, o - 5*x = 19. What is the greatest common divisor of t and o?
9
Suppose 8*k - 140 = 7*k. Let o = -220 + 395. Calculate the highest common divisor of o and k.
35
Let f be (80 - 92) + 12 + -3*48/(-9). Let y = 1 - -3. Calculate the highest common factor of f and y.
4
Let s be -16*(4326/70)/(3*6/(-45)). Calculate the highest common factor of s and 24.
24
Suppose 3*d + 3*k = 33, -d = -4*k - 3 - 3. Let f = 921 + -279. Let h be f/8 - (-16)/(-64). What is the highest common divisor of d and h?
10
Suppose 3*z + 2*z = -5*t + 375, 2*z - 2*t = 150. Suppose -99*k = -98*k - z. What is the greatest common divisor of 50 and k?
25
Let f(d) = 17*d**3 - d**2 - 13*d + 13. Let z be (-6)/(-8) - 10/(-40). Let v be f(z). Calculate the highest common divisor of v and 464.
16
Let l be ((-3)/(-6))/(1/496). Let b = 695 - 664. What is the highest common factor of b and l?
31
Let n = 94 + -102. Let a(u) = -u**3 - 8*u**2 - u - 1. Let t be a(n). Suppose 30 = t*x - 54. What is the highest common divisor of x and 54?
6
Let i be 3/((-2160)/(-48)) - 628/(-30). Calculate the greatest common divisor of 826 and i.
7
Let z be (-78)/(-4) - 2/4. Let q = z - -8. Let x = -3981 + 3984. Calculate the greatest common factor of q and x.
3
Suppose 0 = -117*d - 7*d + 538047 - 76395. Calculate the highest common factor of d and 34.
17
Let g be (-396 + -2)*((-3672)/16)/27. Calculate the highest common divisor of g and 17.
17
Let o be -3*(1 + 146/(-6)). Let d be (-776)/(-28) + (-244)/(-854). Calculate the greatest common factor of d and o.
14
Suppose -7*o + 6*o = -63. Let l(w) = 10*w**2 - 48*w - 234. Let f be l(-9). Calculate the highest common factor of f and o.
63
Suppose -4*g + 54 = -50. Let r(h) = -h**2 - 160*h - 2722. Let z be r(-124). Calculate the greatest common factor of z and g.
26
Let l be -2 + 3/3 + (2 - -1). Let d(c) = -3 + 2*c**l + 0 + 3 - 3. Let b be d(3). What is the greatest common divisor of 15 and b?
15
Suppose -24696 = 50*d - 83546. Calculate the greatest common factor of 214 and d.
107
Suppose -5*b - 3*t = -703, -t - 85 - 334 = -3*b. Let u = b - 21. Calculate the highest common divisor of u and 7.
7
Let a(w) = -2*w**2 - 20*w + 12. Let c be a(-11). Let j be 4437/85 - (-2)/c. What is the highest common factor of j and 78?
26
Let c(w) = 21*w - 39. Let m be c(3). Suppose 4*y - 20 + 2 = -q, -5*y - 2*q + m = 0. Calculate the greatest common divisor of y and 16.
4
Let q be 0/(-5 - -2) + 11844/84. Calculate the highest common factor of 3 and q.
3
Suppose 236*f + 4*k - 64 = 232*f, 2*f - 5*k = -3. Calculate the greatest common factor of 77 and f.
11
Suppose 3*u - 539 - 174 - 103 = 0. Calculate the greatest common factor of 512 and u.
16
Let l be 2 - -359 - 9/3*-3. What is the highest common divisor of l and 70?
10
Suppose -6*j + 502 = -2*z, 357 = 4*j + z + 27. Calculate the greatest common divisor of j and 5312.
83
Let i = 865 - -3369. Calculate the highest common divisor of 1022 and i.
146
Let c(m) = 489*m + 878. Let s be c(4). What is the highest common divisor of 104 and s?
26
Suppose -82*a - 4950 = -93*a. What is the greatest common factor of a and 72?
18
Let i(x) = -x**3 + 4*x**2 + 5*x + 2. Let a be i(5). Let f be -1 - (a - 158/1). Suppose 15*j = 5*j + 310. What is the highest common divisor of f and j?
31
Let h = 277 + -271. Let l be h/27 - 19420/(-90). Calculate the highest common divisor of l and 48.
24
Let h(z) = 14*z**3 + 2*z**2 - z + 1. Let k be h(1). Let w be 40/k*(4 - -70). What is the greatest common divisor of w and 5?
5
Suppose -3*d = 4*h - 5*h + 26, 3*h - 26 = -4*d. Let q = h - 16. Let l be (q/(-3))/(-2) - (-433)/3. What is the highest common factor of 16 and l?
16
Let a(s) = 2*s - 1. Let g be a(3). Let n(c) = -c + 3. Let b be n(10). Let q = 42 + b. What is the highest common factor of q and g?
5
Let o = 2213 + -2202. Calculate the greatest common divisor of o and 704.
11
Let r = -102303 - -102368. Let v = 1 + 12. Calculate the greatest common divisor of v and r.
13
Let s = -26954 + 26984. Let i be 2*(41 - 0) - 2. What is the greatest common divisor of s and i?
10
Suppose 0*n + 6*n - 3*n = 0. Let b be (n + -1 - -4)/(-3 + 4). What is the greatest common divisor of b and 213?
3
Let x(j) = -30*j**3 + 6*j**2 + 10*j + 11. Let b be x(-3). What is the greatest common factor of b and 325?
65
Let t be ((-10)/(-6))/((-6)/(252/(-35))). Suppose -7*h + 170 = -t*h. Let k = 41 - h. What is the highest common divisor of 1 and k?
1
Let l be 187/55 - 2/5. Calculate the highest common divisor of 2304 and l.
3
Suppose -84*r - 222*r + 207248 = -948208. Calculate the highest common factor of r and 4.
4
Let a(u) = 4*u**3 + 19*u**2 - 6*u - 39. Let q be a(5). What is the highest common factor of q and 6?
6
Let t = 14894 - 14824. What is the greatest common divisor of t and 21770?
70
Let x be -25 + (-23)/(529/(-2369)). Calculate the greatest common factor of 10985 and x.
13
Let o(x) = -29*x + 172. Let z be o(4). Suppose 340 = 4*u - z. Calculate the highest common factor of 66 and u.
33
Let s = 33 + -30. Let p(f) = f**2 + 6*f - 9. Let q be p(-5). Let w = 53 + q. Calculate the greatest common factor of s and w.
3
Let v = -16275 + 18365. Calculate the greatest common divisor of v and 50.
10
Let i = -19 + 15. Let f(q) = 3*q**2 + 3*q - 3. Let z be f(i). Suppose -185*x + 165*x = -220. What is the highest common divisor of z and x?
11
Suppose 37 + 343 = -5*w. Let o be (-26)/8 + 57/w. Let b be (65/(-39))/(o/((-48)/(-10))). Calculate the highest common factor of b and 10.
2
Let x(l) = -20*l - 1795. Let v be x(-106). Calculate the greatest common factor of v and 2405.
65
Let u = -137 - -564. Let g = u + -404. What is the highest common divisor of 207 and g?
23
Let t be 5 - 6/6*-2. Suppose -t*v = -14*v + 266. Calculate the greatest common factor of 342 and v.
38
Let u(y) = y**2 + 79*y - 17. Let b be u(-89). Calculate the highest common divisor of b and 97.
97
Suppose -32*s + 4829 - 202 = -1997. What is the greatest common divisor of s and 207?
207
Let k = 464 - 410. Calculate the greatest common divisor of 1098 and k.
18
Let r(q) = -7*q**3 + 2*q**2 + q + 2. Let b be r(2). Let f be (6/4)/(2 - 1004/496). Let w = b - f. What is the highest common factor of 126 and w?
18
Let p = 7 + 0. Suppose 31*v = 30*v + 3. Suppose 146 = v*n - 43. What is the highest common divisor of n and p?
7
Let s = -4096 + 4099. What is the greatest common divisor of s and 269?
1
Let k be 10/12 + (-856544)/(-192). What is the highest common divisor of k and 388?
194
Let s = 2034 - 1924. Calculate the greatest common factor of s and 55.
55
Suppose t - 5*y = 5, 4*t - 2*y = 62 + 48. Let k = -25 + 45. What is the highest common factor of t and k?
10
Suppose -2*o - 27 = -37. Suppose f + 1 = -4*v, 3 = -o*v - 7. Suppose -2*l + 5 = -f. Calculate the greatest common factor of 18 and l.
6
Let t be (-1)/2 + (-677)/(-2). Let o be (-130)/3*(5978/(-245